e number?
False
Is 81701 composite?
False
Is 78401 prime?
True
Is 73069 a composite number?
True
Is 851 a prime number?
False
Is 173626 a prime number?
False
Is 631309 a prime number?
False
Is 1810057 composite?
False
Is 40445 a composite number?
True
Is 12431 composite?
True
Is 9593 a prime number?
False
Is 4637 a prime number?
True
Is 242227 composite?
False
Is 167471 composite?
False
Is 703657 a prime number?
True
Is 393949 prime?
False
Is 126541 a prime number?
True
Is 30782 prime?
False
Is 7603 prime?
True
Is 15682 composite?
True
Is 687799 composite?
True
Is 22771 prime?
False
Is 4163 a composite number?
True
Is 842453 a prime number?
False
Is 1179787 prime?
False
Is 72791 a composite number?
True
Is 3719 a prime number?
True
Is 78563 a composite number?
True
Is 26237 prime?
True
Is 2921 a prime number?
False
Is 14263 a prime number?
False
Is 51031 a prime number?
True
Is 13883 prime?
True
Is 16529 prime?
True
Is 26981 prime?
True
Is 7619 prime?
False
Is 507109 a composite number?
False
Is 806005 a prime number?
False
Is 725387 composite?
True
Is 192229 a composite number?
False
Is 1382957 a prime number?
True
Is 87943 prime?
True
Is 78879 a prime number?
False
Is 1621 prime?
True
Is 115293 a prime number?
False
Is 257779 a prime number?
False
Is 799291 a prime number?
True
Is 1415 composite?
True
Is 2081 a composite number?
False
Is 391 prime?
False
Is 2074197 a composite number?
True
Is 69889 prime?
False
Is 630067 prime?
True
Is 35669 prime?
False
Is 91193 prime?
True
Is 668155 a prime number?
False
Is 3541 a prime number?
True
Is 14969 composite?
False
Is 1437 a prime number?
False
Is 93037 composite?
True
Is 17723 composite?
True
Is 83645 a prime number?
False
Is 1432243 a composite number?
False
Is 223207 a prime number?
True
Is 355669 prime?
True
Is 9727 a composite number?
True
Is 1163 prime?
True
Is 67441 composite?
True
Is 21961 composite?
False
Is 981119 a prime number?
False
Is 87251 composite?
False
Is 451963 prime?
False
Is 3637 composite?
False
Is 47599 a composite number?
False
Is 133349 a prime number?
True
Is 26689 a composite number?
True
Is 2999 composite?
False
Is 1843 prime?
False
Is 341171 composite?
False
Is 12574 a prime number?
False
Is 5539 composite?
True
Is 11291 a prime number?
False
Is 167833 prime?
False
Is 1399 a prime number?
True
Is 15509 a composite number?
True
Is 11657 a composite number?
False
Is 448307 a prime number?
False
Is 12569 composite?
False
Is 3715 composite?
True
Is 54601 composite?
False
Is 1240671 prime?
False
Is 324559 composite?
True
Is 71741 composite?
False
Is 471041 prime?
True
Is 2255549 a prime number?
True
Is 197871 a composite number?
True
Is 46597 composite?
True
Is 3037 a prime number?
True
Is 1386527 a prime number?
False
Is 2109719 a composite number?
True
Is 478691 a prime number?
False
Is 7277 a prime number?
False
Is 1163 prime?
True
Is 47339 composite?
False
Is 243247 a composite number?
True
Is 779609 composite?
False
Is 41941 composite?
False
Is 54709 prime?
True
Is 1902367 a prime number?
True
Is 79621 composite?
False
Is 679 a prime number?
False
Is 3487 composite?
True
Is 22343 a composite number?
False
Is 4557065 a prime number?
False
Is 1099 prime?
False
Is 45874 a composite number?
True
Is 1259 a prime number?
True
Is 40961 a composite number?
False
Is 67433 a composite number?
False
Is 53923 a composite number?
False
Is 57073 composite?
False
Is 963871 composite?
False
Is 19801 composite?
False
Is 549313 a composite number?
False
Is 104237 a prime number?
False
Is 21959 a prime number?
False
Is 9745 composite?
True
Is 5381 prime?
True
Is 5381 a composite number?
False
Is 5597 a prime number?
False
Is 9451 prime?
False
Is 2157 a prime number?
False
Is 148765 composite?
True
Is 13045 prime?
False
Is 1031869 prime?
True
Is 641 prime?
True
Is 78059 a composite number?
False
Is 35589 a composite number?
True
Is 1413623 composite?
False
Is 10454 a composite number?
True
Is 23303 composite?
True
Is 870367 prime?
True
Is 34871 composite?
False
Is 11065 a prime number?
False
Is 13369 composite?
True
Is 941 prime?
True
Is 199451 a prime number?
False
Is 70177 a prime number?
True
Is 33377 a composite number?
False
Is 369097 composite?
False
Is 8057 a composite number?
True
Is 20129 a prime number?
True
Is 9412669 a composite number?
True
Is 30909 a composite number?
True
Is 25339 a prime number?
True
Is 42326 prime?
False
Is 7405 a prime number?
False
Is 64799 composite?
True
Is 128989 composite?
True
Is 191441 composite?
False
Is 51647 a prime number?
True
Is 136985 a prime number?
False
Is 1212551 prime?
True
Is 78082 a prime number?
False
Is 140827 prime?
True
Is 3197 a composite number?
True
Is 82393 a prime number?
True
Is 277159 prime?
False
Is 112741 a prime number?
True
Is 15227 a prime number?
True
Is 34309 a prime number?
False
Is 6779 a composite number?
False
Is 8083 prime?
False
Is 87071 a composite number?
False
Is 3307 composite?
False
Is 6457 a prime number?
False
Is 5591 a prime number?
True
Is 197539 composite?
False
Is 3589 a prime number?
False
Is 1281893 a composite number?
True
Is 1307347 prime?
True
Is 11983 prime?
False
Is 2436107 a composite number?
False
Is 9637 a composite number?
True
Is 20354 composite?
True
Is 79795 a composite number?
True
Is 52489 a prime number?
True
Is 75571 prime?
True
Is 24719 a composite number?
True
Is 53111 a composite number?
True
Is 112937 a composite number?
True
Is 818923 prime?
False
Is 36503 composite?
True
Is 23369 prime?
True
Is 6349 a prime number?
False
Is 4619177 a prime number?
True
Is 86783 a prime number?
True
Is 18227 a prime number?
False
Is 100543 a composite number?
True
Is 2179 a composite number?
False
Is 28937 composite?
True
Is 479861 prime?
True
Is 947821 prime?
False
Is 7121 prime?
True
Is 545543 a composite number?
False
Is 116009 prime?
True
Is 8441 a prime number?
False
Is 2869 a composite number?
True
Is 32117 composite?
False
Is 103889 a prime number?
True
Is 25793 composite?
False
Is 10999 a composite number?
True
Is 6767 a prime number?
False
Is 1111741 a prime number?
True
Is 396833 a composite number?
False
Is 791507 prime?
False
Is 31287 composite?
True
Is 14111 prime?
False
Is 153607 prime?
True
Is 67885 a prime number?
False
Is 52333 prime?
False
Is 131315 composite?
True
Is 6887 a prime number?
False
Is 2064747 composite?
True
Is 82699 prime?
True
Is 86453 a prime number?
True
Is 10771 a prime number?
True
Is 945491 a composite number?
True
Is 4391 composite?
False
Is 42169 prime?
True
Is 1266149 prime?
True
Is 1399 a prime number?
True
Is 22757 composite?
True
Is 2053 a composite number?
False
Is 592571 a composite number?
True
Is 36111 a composite number?
True
Is 169655 prime?
False
Is 1274341 a prime number?
False
Is 1923 a composite number?
True
Is 3589 prime?
False
Is 43595 composite?
True
Is 23447 composite?
False
Is 468953 prime?
True
Is 25115 composite?
True
Is 50021 prime?
True
Is 112411 a composite number?
True
Is 1663 a prime number?
True
Is 37822 a composite number?
True
Is 7901 a composite number?
False
Is 24715 a prime number?
False
Is 173237 prime?
False
Is 101219 composite?
True
Is 3991 a composite number?
True
Is 3847 a prime number?
True
Is 31769 a prime number?
True
Is 1369969 a composite number?
False
Is 68023 a composite number?
False
Is 250877 prime?
False
Is 137593 a composite number?
False
Is 16841 composite?
True
Is 89209 composite?
False
Is 535 composite?
True
Is 8407 a prime number?
False
Is 6659893 composite?
False
Is 248021 a composite number?
False
Is 76177 composite?
True
Is 2130217 a prime number?
False
Is 628151 a prime number?
False
Is 4271 a composite number?
False
Is 1624321 composite?
False
Is 648607 a composite number?
False
Is 804361 a prime number?
False
Is 14779 a prime number?
True
Is 15877 a composite number?
False
Is 97267 prime?
False
Is 59371 a composite number?
True
Is 91837 prime?
True
Is 95345 composite?
True
Is 452471 a prime number?
False
Is 11490599 a prime number?
True
Is 15389 a composite number?
True
Is 10559 a composite number?
False
Is 12349 prime?
False
Is 5539 a composite number?
True
Is 14369 a composite number?
False
Is 821 a prime number?
True
Is 21001 composite?
False
Is 1811 a composite number?
False
Is 1571 a c